me factors of u.
3, 13
Let g be (2 - 0)/(0 - (-6)/9). Suppose -2*k = -2*y - 56, 0 = g*k + 3*y - y - 104. List the prime factors of k.
2
Let c(x) = -2*x - 5. Let m be c(-4). Let y(d) = -2*d**2. Let o(l) = l + 1. Let p(t) = 3*o(t) - y(t). List the prime factors of p(m).
2, 3, 5
Suppose 0 = -7*v + 4*v + 57. Suppose -v - 1 = -4*p + 4*q, -p + 7 = q. What are the prime factors of (17 - 3)*p/4?
3, 7
Let m(p) = p**3 + 8*p**2 + p - 6. Let a be (-40)/6 - 8/(-12). List the prime factors of m(a).
2, 3, 5
Let v be 2*(-6)/(-24) + (-10)/(-4). Suppose -v*f = -4*f + 114. List the prime factors of f.
2, 3, 19
Suppose -5*w = -w - 8. Let q be (11 + 1 - 3) + w. Suppose -b + 34 = 2*j + b, -j + b = -q. List the prime factors of j.
2, 7
Let v = 12 - 10. Let q(o) = 4 - 4*o - 2 - 3*o - v*o. List the prime factors of q(-3).
29
Let o be ((-2)/(-8))/(3/(-2628)*-3). Suppose -4*f = 5*i - 196 - o, -2*f - i + 133 = 0. What are the prime factors of f?
2, 3, 11
Suppose 19*g - 10837 = 11032. List the prime factors of g.
1151
Suppose 11*h - 4775 = -584. What are the prime factors of h?
3, 127
Suppose -4*s + 3*l = 13, 7 = -4*s + l - 0*l. List the prime factors of (-138 + 4)*s/2.
67
Suppose -7*g = 6*g - 16432. What are the prime factors of g?
2, 79
Suppose 2*p - 3 = 4*q + 3, 5*q - 15 = -2*p. Let j be (6/p)/((-6)/(-60)). Let s = 27 - j. List the prime factors of s.
3, 5
Suppose 9*q - 4410 = -q. Suppose 8*r = q + 1231. List the prime factors of r.
11, 19
Let d = 55 - 81. What are the prime factors of 5/(195/1371) + 4/d?
5, 7
Let f be 1424/24 + 4/6. Let h = f - 43. What are the prime factors of h?
17
Suppose 0 = s + 4, 5*t + s - 18 = 3*s. Suppose -2*f = h - 11, t*h - 3*h = -4*f - 5. List the prime factors of 18/h + 1*2.
2
Suppose 430*y = 436*y - 498. What are the prime factors of y?
83
Let m be (-2)/(-2*(-1)/(-5)). Let x = m - 3. Suppose 24 = -x*l + 5*l. List the prime factors of l.
2
Suppose 0 = -3*w - 3*b + 5778, 5*b = 3*w + 2*w - 9630. What are the prime factors of w?
2, 3, 107
Let u = 101 + -58. Suppose u + 9 = 4*m. What are the prime factors of m?
13
Suppose -595 + 15 = -g + 5*p, 0 = -5*p - 20. What are the prime factors of g?
2, 5, 7
Suppose 0*p = -4*p - 4*r - 8, 3*p - 24 = 3*r. Suppose 0 = p*m - 3*w, -4*w + 10 = 3*m - 11. List the prime factors of m.
3
Let i = 130 + -126. Suppose 459 + 461 = i*l. List the prime factors of l.
2, 5, 23
Suppose 9200 = -40*y + 80*y. What are the prime factors of y?
2, 5, 23
Let k(s) = -s**3 + 15*s**2 + 17*s + 40. What are the prime factors of k(15)?
5, 59
Let q(a) = -37*a - 657. What are the prime factors of q(-18)?
3
Suppose d - 6*d + 3*x + 1040 = 0, -5*d + 2*x = -1035. What are the prime factors of d?
5, 41
Let x = -37 - -372. What are the prime factors of x?
5, 67
Let o(k) = k**2 - k + 2. Let v be o(4). Let a = -851 + 887. Let i = a - v. List the prime factors of i.
2, 11
Suppose -53*j + 55*j = 3718. List the prime factors of j.
11, 13
Let q(o) = -3*o**2 - 4*o - 12. Let l be q(-8). Let w = l - -269. Let c = w + -62. What are the prime factors of c?
5, 7
Let o = 122 - 57. What are the prime factors of (0 - 4) + o + 2?
3, 7
Let m be 19 + 8 - (0 - -1). Let y be (-3)/(-4) + m/8. Suppose q = -y*q + 290. What are the prime factors of q?
2, 29
Let q(z) = -260*z + 122. What are the prime factors of q(-3)?
2, 11, 41
What are the prime factors of (6/33 - 105/154)*-552?
2, 3, 23
Let l(t) = -5*t**3 - 19*t**2 + 23*t + 63. List the prime factors of l(-10).
7, 419
Let r = 550 + -528. Suppose -3*y - 2*g = 10, -4*y - 3*g - 9 = 3. Let d = y + r. List the prime factors of d.
2
Suppose -t = 5 + 10. Let u be ((-5)/(-30)*3)/((-1)/(-82)). Let m = u + t. What are the prime factors of m?
2, 13
Suppose -2*b + b - 5 = 0. Let u be (-2)/(2/b) - -1. List the prime factors of (15/(-9))/((-2)/u).
5
Suppose z + 4*g = 2*z - 1082, 8 = 4*g. List the prime factors of z.
2, 5, 109
Let q(h) = h - 9. Let j be q(6). Let v be 2/(2/(j - -5)). Suppose 4*l - 106 = -v*y, 3*l - 40 = 2*y + 36. List the prime factors of l.
2, 13
Suppose 7*r - i = 4*r - 173, -r + 4*i - 65 = 0. Let x = r + 132. List the prime factors of x.
3, 5
Let b(x) = -x - 5. Let r be b(-6). Let f be 1 + (r - (-2 + 1)). Suppose -f*h = -3*d + d + 22, -3*d + 43 = -2*h. What are the prime factors of d?
17
Let r = 8774 + -5284. List the prime factors of r.
2, 5, 349
Suppose 0 = 3*l - z - 54, 4*l + z = -16 + 95. Let w = 159 - 143. Let y = w + l. What are the prime factors of y?
5, 7
Suppose -36*i - 8399 = -34175. What are the prime factors of i?
2, 179
Suppose -4*m + 1416 = 2*i, -5*m + 1768 = i + i. Suppose 0 = 9*h - h - m. What are the prime factors of h?
2, 11
Suppose -33*n + 132160 = 7*n. What are the prime factors of n?
2, 7, 59
Let z(x) = 4*x**2 - 17*x - 6. Let n be z(10). Let m = n - 146. What are the prime factors of m?
2, 3, 13
Suppose 0 = 5*q - 4*d - 564, q - 2*q + 128 = 3*d. Let z = q - 65. List the prime factors of z.
3, 17
Let v = 31 + -48. Suppose g + 4*g + 4*s = 202, 132 = 3*g - 3*s. Let c = v + g. List the prime factors of c.
5
Let j be -23 - (2 + -3) - -2. Let b = -3 - j. What are the prime factors of b?
17
Let m be (-1)/6 - 2/(-12). Let p(j) = -j**3 + 5. Let n be p(m). Suppose n*f = f + 88. What are the prime factors of f?
2, 11
Suppose 16 = -2*h - 0. Let t = 13 + h. Suppose t*c - 36 - 109 = 0. What are the prime factors of c?
29
Let l = 5 + -1. Suppose -x + l - 1 = 0. Suppose 8*d - x*d = 230. List the prime factors of d.
2, 23
Let t(y) be the second derivative of -y**6/72 - 11*y**5/120 + 5*y**4/12 - 8*y. Let d(r) be the third derivative of t(r). List the prime factors of d(-4).
29
Let q(n) = -8*n**3 - 2*n**2 + 2*n + 25. What are the prime factors of q(-5)?
5, 193
Let f = 4297 + -2986. List the prime factors of f.
3, 19, 23
Let n(j) = j**3 + 3*j**2 - 4*j - 2. Let a be n(-4). Let d = a + 29. List the prime factors of (d - 4 - 4) + 2.
3, 7
Let x = -36 - -22. Let m be (-3)/(-3) - (x + -1). Suppose -3*i + m = 5*q, q + 5*i = 8 + 4. List the prime factors of q.
2
Let y(l) = -113*l - 586. What are the prime factors of y(-43)?
4273
Suppose -4*p + 16 = -2*p. Let q = -6 + p. Suppose -29 = -c + 5*y, 0 = -q*c - 4*y - 0 + 2. List the prime factors of c.
3
Let o be ((-2246)/6)/(16/(-192)). Suppose 3*m - o = -5*p, 880 = -0*p + p - 4*m. What are the prime factors of ((-1)/2)/((-16)/p)?
2, 7
Let i(t) = 13*t**2 - 177*t + 6. What are the prime factors of i(21)?
2, 3, 337
Let r = -1315 - -2234. List the prime factors of r.
919
Suppose -4*a + 11981 + 819 = 4*b, 2*a - 16009 = -5*b. List the prime factors of b.
3203
Let r = -7201 - -10085. List the prime factors of r.
2, 7, 103
Let y(l) = -271*l + 131. List the prime factors of y(-2).
673
List the prime factors of (-1504)/(-235)*5/(-2)*-1.
2
Suppose 5*m + 3*l = 215, 18 = 2*m - 4*l - 42. Suppose -3*i = -4*i + m. List the prime factors of i.
2, 5
Suppose -16 = 2*l - 6*l. Suppose -4*g = -2*z + 50, 2*z - 79 = -5*g - 2. Suppose -4*w + 59 = -w - l*i, 2*w - z = i. List the prime factors of w.
13
Let x(h) = h**3 + 4*h**2. Let c be x(-4). Suppose -5*g - g + 972 = c. List the prime factors of g.
2, 3
What are the prime factors of 30/20 + ((-9044)/8)/(-7)?
163
Suppose -3*v + 0*q = 2*q - 293, 0 = -2*q - 10. What are the prime factors of v*(5 - (7 - 3))?
101
List the prime factors of (294/(-56))/((-1)/288).
2, 3, 7
Let x = -828 - -2194. List the prime factors of x.
2, 683
Let p = -1310 - -2089. What are the prime factors of p?
19, 41
Let v(j) = -2*j - 14. Let k be v(-7). Let n(a) = -a**3 + a**2 + a + 79. What are the prime factors of n(k)?
79
Suppose l + 104 = -4*j, j = 4*j - 4*l + 59. Let i be 6/4*(-5 + 71). Let b = i + j. List the prime factors of b.
2, 37
Let w = 5 + 7. Let b = -8 + w. Suppose b*o = -12, 3*t = 8*t + 5*o - 140. What are the prime factors of t?
31
Let o(n) = -344 - 4*n + 330 - 3*n + 2*n. List the prime factors of o(-12).
2, 23
Let f be -7*(14/(-6) + 0)*-3. Suppose 2*b + 21 = -2*h - h, 4*b - 5*h = -75. Let j = b - f. What are the prime factors of j?
2, 17
Let c be -47 + (-1 + -2 - -3). Let n = c - -108. List the prime factors of n.
61
Let y(p) = 845*p**2 + 207*p + 1. What are the prime factors of y(-2)?
3, 23, 43
Let v(k) = k**3 + 6*k**2 + 3*k + 6. Suppose 0 = 3*h - h - 4*m - 32, -3*h + 50 = -5*m. Suppose -3*d + 7*d = -h. List the prime factors of v(d).
2
Let f(u) = 84*u**2 + 